 divisor of 21238 and 70?
14
What is the greatest common factor of 3564 and 8262?
162
What is the greatest common factor of 270 and 13075?
5
Calculate the greatest common divisor of 22510 and 20.
10
What is the greatest common divisor of 616 and 28721?
77
What is the highest common divisor of 810 and 3030?
30
Calculate the highest common factor of 2924 and 16684.
172
What is the highest common factor of 79097 and 23?
23
Calculate the highest common divisor of 248414 and 1073.
29
What is the highest common factor of 36 and 1200?
12
What is the greatest common factor of 366368 and 32?
32
What is the highest common divisor of 367 and 1237891?
367
Calculate the highest common divisor of 27 and 129411.
27
What is the highest common divisor of 365016 and 104?
8
Calculate the greatest common factor of 516 and 2659077.
129
What is the greatest common factor of 10496 and 208?
16
Calculate the greatest common divisor of 7054128 and 144.
144
Calculate the highest common divisor of 468 and 386334.
234
Calculate the greatest common divisor of 27 and 217503.
9
What is the highest common divisor of 207 and 6026?
23
Calculate the greatest common divisor of 531 and 87733.
59
What is the greatest common factor of 594 and 34722?
54
Calculate the greatest common factor of 280 and 29365.
35
What is the greatest common divisor of 2015 and 39091?
403
What is the highest common divisor of 504 and 82264?
56
Calculate the greatest common factor of 2063220 and 4.
4
Calculate the highest common divisor of 2324 and 2422.
14
Calculate the highest common factor of 3178 and 4540.
454
Calculate the greatest common factor of 18452 and 36.
4
What is the greatest common divisor of 32277 and 6572?
53
What is the highest common factor of 85752 and 4104?
216
Calculate the highest common factor of 6049 and 47340.
263
Calculate the greatest common divisor of 629 and 2057.
17
Calculate the highest common factor of 540 and 380.
20
What is the highest common divisor of 27 and 1293381?
27
Calculate the highest common divisor of 70 and 20594.
14
What is the greatest common factor of 158609 and 11?
11
Calculate the greatest common factor of 5184 and 7008.
96
What is the greatest common factor of 247 and 26334?
19
What is the greatest common factor of 94 and 22184?
94
What is the highest common factor of 25 and 40105?
5
What is the highest common divisor of 41741 and 267?
89
Calculate the highest common divisor of 3663 and 163053.
99
What is the greatest common factor of 6917 and 1?
1
Calculate the greatest common divisor of 4756 and 14924.
164
What is the greatest common divisor of 203550 and 8050?
1150
What is the greatest common divisor of 12882 and 1469?
113
Calculate the highest common divisor of 910 and 455.
455
Calculate the greatest common divisor of 270 and 2245.
5
What is the highest common factor of 8828610 and 105?
105
Calculate the highest common divisor of 78522 and 138.
138
Calculate the highest common divisor of 33258 and 482.
482
What is the highest common divisor of 11792 and 1144?
88
What is the highest common divisor of 490 and 9142?
14
Calculate the highest common divisor of 240729 and 174.
87
Calculate the highest common factor of 203616 and 120.
24
Calculate the highest common factor of 138 and 12627.
69
What is the greatest common factor of 1100 and 26356?
44
What is the greatest common factor of 6480 and 15440?
80
Calculate the highest common factor of 301777 and 133.
133
Calculate the highest common factor of 6124 and 880.
4
Calculate the greatest common factor of 25539 and 3.
3
Calculate the highest common factor of 42 and 219471.
21
What is the highest common divisor of 168177 and 3477?
183
Calculate the highest common factor of 16820 and 587540.
580
What is the highest common divisor of 42 and 20778?
6
Calculate the greatest common divisor of 176 and 105608.
8
What is the highest common divisor of 418 and 19547?
11
Calculate the highest common factor of 5 and 125515.
5
Calculate the greatest common divisor of 2681 and 115666.
383
Calculate the highest common divisor of 38556 and 56168.
476
Calculate the highest common factor of 3 and 723.
3
Calculate the greatest common divisor of 133 and 230622.
133
What is the highest common divisor of 134157 and 788?
197
Calculate the greatest common divisor of 45824 and 16468.
716
What is the highest common divisor of 765 and 52615?
85
Calculate the highest common factor of 28 and 676396.
28
Calculate the greatest common divisor of 2665470 and 460.
230
Calculate the highest common divisor of 3420178 and 2932.
1466
Calculate the greatest common divisor of 296460 and 540.
540
Calculate the highest common divisor of 9584 and 355207.
599
Calculate the highest common factor of 32291 and 1127.
49
What is the highest common divisor of 1924 and 18796?
148
Calculate the greatest common factor of 44184 and 15.
3
What is the highest common factor of 809900 and 7700?
700
Calculate the greatest common divisor of 171 and 2736.
171
Calculate the greatest common divisor of 111861 and 27.
27
Calculate the greatest common divisor of 2584 and 32096.
136
What is the greatest common factor of 9352 and 24976?
56
What is the greatest common factor of 520 and 732?
4
What is the highest common factor of 489288 and 11136?
696
Calculate the highest common divisor of 494839 and 1257.
419
Calculate the greatest common divisor of 264 and 822.
6
Calculate the highest common factor of 9232 and 128.
16
Calculate the greatest common divisor of 40514 and 9913.
431
Calculate the highest common factor of 26070 and 270.
30
What is the highest common divisor of 28 and 5272?
4
What is the highest common factor of 60760 and 39680?
1240
Calculate the greatest common divisor of 208 and 28776.
8
Calculate the greatest common divisor of 1343 and 48892.
17
What is the greatest common divisor of 7064 and 200?
8
What is the greatest common divisor of 2322 and 2967?
129
Calculate the highest common divisor of 314 and 134.
2
What is the highest common divisor of 45898 and 371?
53
Calculate the greatest common factor of 16 and 1640612.
4
Calculate the greatest common divisor of 1749 and 1272.
159
Calculate the greatest common factor of 12520 and 4780.
20
What is the greatest common divisor of 18 and 287019?
9
What is the greatest common factor of 2029623 and 8535?
1707
What is the greatest common factor of 60 and 43060?
20
What is the greatest common factor of 609432 and 67?
67
Calculate the highest common divisor of 487443 and 352.
11
What is the highest common divisor of 18 and 207570?
6
What is the greatest common factor of 46702 and 38?
38
What is the greatest common divisor of 101748 and 54?
6
What is the greatest common divisor of 252 and 39348?
36
Calculate the greatest common factor of 1855 and 427.
7
Calculate the highest common divisor of 253225 and 175.
175
Calculate the highest common factor of 31603 and 28424.
187
What is the highest common factor of 2107 and 10997?
7
What is the highest common factor of 1179780 and 210?
210
Calculate the greatest common divisor of 1224 and 2285208.
1224
Calculate the greatest common factor of 189 and 157248.
189
What is the highest common divisor of 14628 and 4476?
12
Calculate the greatest common factor of 38740 and 260.
260
Calculate the highest common factor of 12 and 75948.
12
What is the highest common factor of 13447 and 804899?
1921
Calculate the greatest common divisor of 2133 and 9594.
9
What is the greatest common factor of 7106 and 697?
17
What is the greatest common factor of 5 and 294155?
5
Calculate the highest common divisor of 220 and 18997.
11
Calculate the highest common divisor of 434 and 5828.
62
Calculate the greatest common divisor of 17780 and 1260.
140
What is the greatest common divisor of 22161 and 105999?
267
Calculate the highest common divisor of 4731 and 11454.
249
Calculate the highest common divisor of 7474 and 14726.
74
Calculate the highest common factor of 126802 and 2.
2
Calculate the highest common divisor of 237144 and 64.
8
What is the greatest common factor of 1141 and 61288?
163
Calculate the highest common divisor of 77809 and 391.
391
What is the highest common divisor of 143 and 11245?
13
Calculate the greatest common factor of 11328 and 108.
12
Calculate the greatest common fact